- 66 + 71 = 0. Suppose -20014 = -w*h - 1404. Is h a composite number?
True
Suppose 2*y - 3*g = -0*g + 8, -y + 2*g + 4 = 0. Let k = -2032 + 3766. Suppose -y*t + k = 2*a, -4*a + 0*a + 2*t = -3448. Is a composite?
False
Let s = 567580 - 374303. Is s composite?
True
Let z be (6/(-3) + 1)*(-12 - -6). Suppose z*r = 14602 + 37874. Is r a composite number?
True
Let m(n) = 117*n**3 + 3*n**2 - 7*n - 6. Let l be m(-5). Let v = -9590 - l. Is v a prime number?
True
Let m = -327 - -379. Suppose -m*t + 56*t = 29476. Is t composite?
False
Let u(k) = k**2 - k + 2. Let i(b) = -10*b**2 + 133*b + 52. Let v(z) = -i(z) - 5*u(z). Is v(40) prime?
False
Let i(v) = 68262*v**2 + 50*v + 49. Is i(-1) a composite number?
False
Let r(n) = 18*n**2 + 5*n - 3. Suppose -307*p + 120 = -301*p. Is r(p) a composite number?
False
Let u = -290 + 1203. Is u prime?
False
Is 111/111 + (-2752918)/(-3) + (-4)/(-6) a prime number?
True
Let i(w) be the third derivative of -25*w**4/12 + 27*w**3/2 - 29*w**2. Is i(-13) a composite number?
True
Let r(g) be the third derivative of 149*g**4/24 - 59*g**3/2 + g**2. Is r(10) composite?
True
Let d(y) = 383*y - 6564. Is d(59) composite?
False
Suppose 0 = 2*a + 3*k + 15, -2*a = -5*k - 16 + 55. Let l = a + 15. Suppose -l = -w, 320 + 26 = d + 5*w. Is d composite?
False
Suppose r + 11*r = -5976. Is (-350)/(-42)*r/(-10) composite?
True
Suppose q - 2*c = 7, 2*q + 2*c + 9 = 47. Is (53052/30)/(6/q) a prime number?
True
Let j(q) = -203763*q - 2081. Is j(-10) a prime number?
True
Suppose 37*p - 6559514 - 1543153 = 0. Is p prime?
False
Suppose -5*o = 4*h - 61, -4*h + 18 - 22 = 0. Suppose -o*k + 6509 + 1460 = 0. Is k prime?
True
Suppose -1803*f + 1002183 = -1782*f. Is f prime?
False
Suppose 2*r + 5*g - 139 = 1760, -5*r + 4791 = -2*g. Let y = -328 + r. Suppose 3*u - y = 700. Is u a composite number?
False
Let b be 1 + -1 + 1 - (-4)/2. Suppose b*f - 45342 = -5*m, 2*m = 6*m + 12. Is f a composite number?
True
Let w = 176415 + -104062. Is w prime?
True
Suppose 29*l - 3011228 + 373119 = -68*l. Is l a prime number?
True
Let r = -45 - -20. Let j = 30 + r. Is 981 + j/((-10)/4) a prime number?
False
Suppose 19641 = 2*v - 3*o + 1823, 0 = -5*v + 5*o + 44535. Is v a prime number?
False
Let u(z) = 14*z**2 - 108*z - 175. Is u(-16) prime?
False
Suppose -14*q + 1180284 = 14*q. Is q prime?
False
Let z = 53 - 49. Suppose 593 = 5*q + j, 306 + 43 = 3*q + z*j. Suppose 2*g = q + 639. Is g a prime number?
True
Let i(y) = 455*y**3 + 3*y**2 - 2*y - 1. Let r be i(1). Is 2/14 - 13/(r/(-23970)) prime?
False
Suppose 14*w - 490116 = 11*w - 3*h, 0 = -5*w + 4*h + 816815. Is w a composite number?
False
Suppose -p = 4*y - 48255, 0 = 10*y - 15*y + 3*p + 60340. Suppose -366*m - y = -371*m. Is m a composite number?
True
Let z(d) = 97*d**2 - 7*d - 2. Let o be z(5). Suppose 9*m + 5*m - 65911 = -5*m. Let n = m - o. Is n composite?
True
Let b(k) = -1300*k + 194. Let f be b(-8). Let y = f - 3003. Is y a prime number?
True
Suppose n = 4*n - 738. Let d = 256 - 311. Let c = n + d. Is c a composite number?
False
Let y = -1686 + -1455. Let z = 7342 + y. Is z composite?
False
Suppose -6 = 2*x + 5*m - 156, -x + 4*m = -49. Let w = -55 + x. Is ((-28384)/40 - 4/w)/(-2) prime?
False
Suppose -16*g + 22*g - 125754 = 0. Is g composite?
False
Let d = -27240 + 28925. Is d composite?
True
Let d = 291566 + -101601. Is d composite?
True
Let z(m) = 79*m**2 - 33*m - 1931. Is z(64) prime?
True
Let n(l) = 6*l**3 - 3*l + 4. Let u be n(1). Suppose -u*b = -15*b + 33608. Is b a composite number?
False
Let y(l) = -73045*l - 2943. Is y(-10) composite?
True
Let v = -70 + 75. Suppose 90031 = v*i + 27841. Let r = i + -8539. Is r prime?
False
Let s be -1*(-3)/(-3) - 85. Let f = -130 - s. Is (-5505)/(-7) - f/77 composite?
False
Let h be (1/1)/(2 + -1) - 345. Let d(j) = 46*j**2 + 6*j + 5. Let t be d(-4). Let q = h + t. Is q a composite number?
False
Suppose -8*r - 11 + 27 = 0. Suppose -i = 3*y - 767 - 5601, r*i + 3*y = 12721. Is i composite?
False
Suppose -22 = -3*m + j, -13 = -2*m + 2*j - j. Suppose -5*z = -m*z + 10764. Let h = z - -316. Is h composite?
True
Suppose 0 = 3*y - 43*y + 1880. Let t(p) = p**3 - 45*p**2 + 25*p - 80. Is t(y) prime?
False
Let p(a) = -a**2 - 34*a - 189. Let x be p(-8). Let h(r) = 499*r + 174. Is h(x) a prime number?
False
Let c = -274 - -1931. Is c prime?
True
Let u(r) = 7*r**2 - 3*r + 20652. Let d be u(0). Let h = 38255 - d. Is h composite?
True
Let f = 28 + -32. Is (-6)/f*61362/27 a prime number?
False
Let y = -14057 - -22756. Is y composite?
False
Suppose 5*p = -4*b + 721441, 31*p + 2*b = 35*p - 577158. Is p prime?
True
Suppose -10*b + 1665 = -11885. Let c = b - 966. Is c composite?
False
Suppose 6*u - 4*u = 1610. Let t = u - 246. Is t a composite number?
True
Let r(c) = c**3 - 11*c**2 + 33*c - 14. Is r(39) a prime number?
False
Suppose 2*x - 13834 = -h + 21960, 4*x - 4*h - 71612 = 0. Is x prime?
False
Let q be (8 + -8)*2/6. Let y be (389 - -14) + (q - 0). Suppose 2*v - 1193 = -y. Is v composite?
True
Suppose u - b + 2*b = 6, -2*u = -b - 3. Suppose -2*m + 1 - u = 0, -4*y + m + 765 = 0. Is (-2 - 2)*y*(-3)/12 a composite number?
False
Is ((-33)/22)/((-9)/1489458) composite?
False
Suppose 0 = 4*q - 2*p - 28996, 3*q - 21757 = 5*p - p. Is q composite?
False
Let i = -18830 + 36087. Is i composite?
False
Let l(k) = 23*k**3 - 25*k**2 - 24*k + 97. Is l(14) a composite number?
False
Is -69590*(-8 + (-135)/(-18)) prime?
False
Let n(i) = -3*i**3 - 25*i - 14. Let q be n(14). Let p = 16497 + q. Is p a prime number?
True
Let r(x) = -527*x + 8. Let d(c) = c**3 + 13*c**2 + 2*c + 17. Let y be d(-13). Is r(y) composite?
False
Let d = -158 - -2. Let z be 4 + d/42 - 6564/(-7). Suppose 12*b - 5938 = z. Is b composite?
True
Is (344143 + 210)*(0 + 1) prime?
True
Let k(t) = -6748*t**3 - 14*t**2 - 11*t + 7. Is k(-2) a prime number?
False
Is 6/(-15) + 131589/(-5)*(-7 + -16) composite?
False
Suppose -3*t - s + 23532 = 0, 2*t + 7844 = 3*t - s. Let h = t + -5125. Is h prime?
True
Let r = 95841 - 42734. Is r composite?
True
Let r(z) = -2*z**3 - 4*z**2 - 8*z - 2. Let t be r(-3). Let a be 15469/8 + 15/t. Suppose -2*k + 471 = n, -k - k = -4*n + a. Is n a prime number?
False
Let c(n) = -9356*n - 140. Let h be c(-14). Suppose 7*p + h = 11*p. Is p composite?
True
Suppose -2*f + 3*z = 20, 31*f - 32*f - 3*z = 10. Let i(q) = -17*q**3 + 2*q**2 + q + 21. Is i(f) a composite number?
True
Suppose -24*l - 30 = -18*l. Let h(q) = -131*q + 106. Is h(l) a composite number?
False
Let a(r) = r**2 - 25*r - 135. Let n be a(28). Let d(u) = 2*u**3 - 6*u**2 - 3*u - 3. Let w be d(5). Let p = n + w. Is p composite?
False
Suppose 3*x - 358365 = -s + 630257, -5*x - s = -1647708. Is x prime?
False
Let t = -844 - -366. Let x = 363 + 816. Let v = x + t. Is v prime?
True
Let f(s) = 2039*s. Let y be f(15). Suppose -2*c = c - 5*p - y, -5*c - 3*p = -50975. Suppose 0 = -7*k + 2*k + c. Is k composite?
False
Suppose -212 = -3*i + 5*i. Let z = -72 - i. Let v = z - 27. Is v prime?
True
Suppose 17*u - 128 = -43. Suppose 0 = 3*q - 4*d - 199, 4*q = -0*q + u*d + 266. Is q a prime number?
False
Is (-3639)/(-4852)*(-1 + (-19363)/(-9))*6 a composite number?
False
Let s(o) = o**3 - 1. Let d be s(1). Let b be (d - 1)*(6 + (-2 - 4)). Suppose 4*y - 10240 + 3068 = b. Is y a composite number?
True
Let w be 4*((-7)/(-4) + -1) - 4136. Is 1*(w/(-1) + -6) a composite number?
False
Let z(v) = 323*v**2 + 9*v + 3. Suppose -6*k = -3*p - k - 1, 6 = -p - 4*k. Is z(p) prime?
True
Suppose 7328 - 21674 = -3*l. Let m = l + -2683. Is m composite?
False
Let a be 0 + (-144)/(-6)*456. Suppose 6*j - a = -1542. Is j composite?
False
Suppose 4*r - 180 = -2*r. Suppose 16*q = 22*q - r. Suppose 3*w - 172 = -q*j, -3*w - 4*j + 265 = 2*w. Is w composite?
True
Let j = 132 + -128. Is (-6)/(2 + j) + 6468 a prime number?
False
Suppose -7*w - 60 + 494 = 0. Let j be (3 + 1 - 3)*w/(-2). Let m(f) = -f**3 - 31*f**2 - 3*f + 34. Is m(j) a composite number?
False
Suppose -a - 2*o + 2160011 = 0, a - 3*o = 875758 + 1284228. Is a composite?
False
Is (4945643/(-76) + (-12)/(-16))/((-1)/2) a composite number?
False
Suppose 4*a + 5136 = 2*b, 2*a + 8291 + 4509 = 5*b. Suppose -52 = -8*k - 28. Suppose 5*n = k*w + 2*w + 2540, -5*n - w + b = 0. Is n a composite number?
True
Suppose 0 = -2*k + 2*x + 65672, 5*k - 16*x - 164160 = -15*x. Is 